s(64).
7
Let v(w) = 146911*w - 10136847. Give v(69).
12
Let v(y) = 26529*y + 185749. Determine v(-7).
46
Let o(b) = -b**3 + 98*b**2 - 162*b - 1486. What is o(96)?
1394
Let c(w) = -w**3 + 11*w**2 + 15725*w - 665. Determine c(131).
-10
Let w(g) = 4253*g + 267945. Calculate w(-63).
6
Let k(g) = -6*g**2 - 27782*g + 278414. Determine k(10).
-6
Let s(r) = -2*r**3 - 254*r**2 - 1008*r - 2928. Give s(-123).
24
Let b(z) = 1294*z - 17872. What is b(13)?
-1050
Let h(g) = 72*g - 6657. Calculate h(90).
-177
Let a(u) = 3*u**3 + 25*u**2 + 723*u + 7581. Calculate a(-10).
-149
Let j(m) = 1124*m - 8358. Give j(7).
-490
Let m(u) = -13947*u - 27986. Calculate m(-2).
-92
Let i(b) = -2*b**3 - 503*b**2 - 228*b + 5278. What is i(-251)?
-495
Let i(p) = 69*p - 4234. Give i(59).
-163
Let v(t) = -101*t**3 + 4857*t**2 - 480*t + 2305. Calculate v(48).
1
Let b(r) = -5*r**2 - 608*r + 3097. Give b(5).
-68
Let n(p) = 48*p**2 - 175*p - 2790. Give n(-6).
-12
Let c(l) = -81*l**2 - 12828*l + 8115. Give c(-159).
6
Let b(a) = -a**3 + 213*a**2 + 392*a + 8149. Calculate b(215).
-21
Let k(f) = f**2 - 113*f + 676. What is k(106)?
-66
Let v(b) = -9*b**3 - 58*b**2 - 25*b - 293. What is v(-7)?
127
Let p(x) = 4*x**2 + 1583*x - 75437. What is p(43)?
28
Let x(m) = -m**2 - 715*m - 70447. What is x(-118)?
-1
Let y(z) = -33*z**2 + 20*z + 404. Give y(3).
167
Let v(t) = -212874*t + 4896098. Calculate v(23).
-4
Let v(m) = -1327*m - 19561. Give v(-15).
344
Let p(g) = -2381971*g + 35729573. Determine p(15).
8
Let m(k) = 24*k**3 - 113*k**2 - 157*k - 178. Calculate m(6).
-4
Let m(v) = -44*v**2 + 44*v + 426. Give m(4).
-102
Let h(l) = 7135*l + 299718. Calculate h(-42).
48
Let d(c) = -36546*c - 219267. Calculate d(-6).
9
Let j(w) = w**3 - 235*w**2 + 1843*w - 6277. Calculate j(227).
-148
Let r(v) = 2*v**3 - 25*v**2 + 111*v - 1018. Calculate r(11).
-160
Let m(y) = 323*y + 531. What is m(0)?
531
Let l(j) = 12*j**2 - 1793*j - 21738. Give l(-12).
1506
Let n(y) = y**3 + 52*y**2 + 688*y + 380. Give n(-24).
-4
Let l(b) = -5*b**2 + 64*b - 60. Determine l(1).
-1
Let i(t) = 13463*t - 376967. What is i(28)?
-3
Let z(t) = -4*t**3 + 15*t**2 + 44*t - 162. Calculate z(3).
-3
Let w(s) = s**3 + 13*s**2 - 154*s + 2499. What is w(-24)?
-141
Let k(c) = -80*c**3 + 470*c**2 + 933*c - 4. Calculate k(-2).
650
Let h(g) = -3*g**3 + 29*g**2 - 30*g - 25. Give h(9).
-133
Let f(x) = -x**3 + 36*x**2 + 1032*x - 21881. Calculate f(48).
7
Let y(a) = 85*a**2 + 705*a + 27. Give y(-7).
-743
Let j(r) = -r**3 + 11*r**2 + 1639*r - 19514. Determine j(12).
10
Let r(v) = 20*v**3 - 262*v**2 - 1391*v - 72. What is r(-4)?
20
Let z(o) = -665*o - 13588. What is z(-21)?
377
Let a(j) = 31*j**2 - 15*j + 56. Give a(1).
72
Let l(z) = -z**3 - 66*z**2 + 1620*z + 333. Give l(-85).
-92
Let m(q) = -1464*q + 325042. Determine m(222).
34
Let i(o) = 2*o**2 + 73*o + 18. Give i(12).
1182
Let k(r) = -2026*r - 988668. Determine k(-488).
20
Let h(z) = 19058*z - 3487616. Calculate h(183).
-2
Let h(k) = -1782*k - 714573. Give h(-401).
9
Let d(t) = 3*t**3 - 57*t**2 - 23*t + 840. Determine d(20).
1580
Let k(o) = -8*o**3 - 3*o**2 + 843*o + 1665. What is k(-2)?
31
Let y(g) = -76*g**3 - 909*g**2 + 26*g + 30. What is y(-12)?
150
Let p(z) = -55*z**2 + 2225*z + 1233. What is p(41)?
3
Let g(m) = 5053*m**2 + 65683*m - 82. Determine g(-13).
-4
Let c(b) = 1140*b - 13868. Calculate c(11).
-1328
Let h(s) = 875*s + 23772. Calculate h(-27).
147
Let i(n) = -302*n**2 - 8887*n + 24867. Give i(-32).
3
Let g(o) = -214*o - 13273. Calculate g(-62).
-5
Let g(z) = z**3 + 357*z**2 + 8595*z - 3647. Determine g(-331).
-6
Let f(i) = 37*i**2 + 8035*i + 1282. Determine f(-217).
-20
Let n(x) = -2*x**3 + 262*x**2 + 25*x - 3229. What is n(131)?
46
Let i(b) = -1891*b - 559782. What is i(-296)?
-46
Let s(x) = 11*x**2 + 1716*x + 1257. Calculate s(-155).
-448
Let a(q) = -2*q**2 + 124*q - 333. Calculate a(58).
131
Let b(k) = -27*k**2 + 495*k - 195. Determine b(19).
-537
Let k(j) = -11*j**2 + 356*j + 4564. Calculate k(-11).
-683
Let v(c) = -c**2 + 534*c + 13653. Give v(-25).
-322
Let h(y) = -y**3 + 159*y**2 + 1330*y + 982. What is h(167)?
-20
Let d(x) = 18*x**3 + 51*x**2 - 263*x + 6. Give d(6).
4152
Let i(r) = 4*r**3 + 72*r**2 - 137*r + 475. What is i(-20)?
15
Let y(v) = -16571*v + 2319874. What is y(140)?
-66
Let b(p) = -75*p**3 + 33*p**2 + 42*p + 6. Give b(0).
6
Let b(n) = -n**3 - 132*n**2 - 2189*n + 64. Give b(-19).
862
Let l(n) = -3*n**3 + 238*n**2 + 10249*n - 368. Determine l(-31).
4
Let i(j) = 398*j + 7870. Calculate i(-20).
-90
Let o(c) = 303*c - 32003. Calculate o(105).
-188
Let y(b) = b**2 + 790*b + 49744. Determine y(-69).
-5
Let x(q) = 2*q**2 + 21087*q + 12379532. Give x(-624).
-4
Let w(r) = -r**2 + 160572*r - 802853. Calculate w(5).
-18
Let o(c) = 1126*c**2 - 20305*c + 668. Calculate o(18).
2
Let u(s) = s**3 - 9*s**2 + 4*s - 508. Give u(12).
-28
Let b(p) = -6*p**3 - 27*p**2 - 145*p - 92. What is b(-4)?
440
Let r(z) = 52*z**2 - 472*z + 457. What is r(8)?
9
Let u(s) = 4591*s + 41783. Determine u(-10).
-4127
Let y(c) = -c**3 - 477*c**2 + 26565*c - 498840. Give y(-529).
7
Let d(q) = 58*q**2 - 34628*q + 1178. What is d(597)?
-16
Let d(o) = 625890*o - 5007120. Determine d(8).
0
Let u(h) = -6*h**3 + 24*h**2 - 8*h + 108. Calculate u(5).
-82
Let f(k) = 39*k**3 - 189*k**2 - 20*k - 41. Calculate f(5).
9
Let j(l) = -359*l - 26902. What is j(-75)?
23
Let l(j) = 15*j**3 + 22*j**2 - 29*j - 18. Calculate l(3).
498
Let m(b) = -1970186*b - 5910554. Give m(-3).
4
Let t(b) = 2295*b - 19464. Determine t(9).
1191
Let j(f) = f**2 + 505*f - 14825. Give j(28).
99
Let t(s) = 267293*s + 12830076. Give t(-48).
12
Let s(m) = 6*m**3 + 2*m**2 - 3599*m - 3603. Give s(-1).
-8
Let t(l) = 2072*l + 12597. Calculate t(-6).
165
Let k(o) = o**3 + 50*o**2 + 117*o + 8521. Determine k(-51).
-47
Let x(k) = 2172*k - 920935. Give x(424).
-7
Let k(t) = 6*t**3 + 74*t**2 + 226*t + 12. Determine k(-7).
-2
Let a(v) = -2035689*v + 8142735. Give a(4).
-21
Let n(o) = 3*o**2 + 390*o - 71002. What is n(102)?
-10
Let l(u) = u**2 - 623*u - 18871. Give l(-29).
37
Let m(q) = 92*q**2 + 12042*q - 1310. Determine m(-131).
0
Let d(i) = 2*i**3 - 248*i**2 + 567*i - 9626. Determine d(122).
12
Let a(i) = 30*i**2 + 170*i + 226. Calculate a(-7).
506
Let g(l) = -4066*l - 25282. What is g(-6)?
-886
Let r(f) = -3*f**2 - 8235*f + 216136. Give r(26).
-2
Let r(g) = 9*g**2 - 8312*g + 16587. Give r(2).
-1
Let b(p) = -37*p + 7747. What is b(210)?
-23
Let j(f) = -f**3 + 20*f**2 - 213*f + 1289. Determine j(11).
35
Let h(s) = 4*s**2 + 593*s + 8903. What is h(-17)?
-22
Let j(n) = -n**3 - 409*n**2 - 1226*n - 9. What is j(-3)?
15
Let d(a) = -23*a**2 + 240*a + 824. Calculate d(14).
-324
Let j(d) = 2090*d - 146329. Calculate j(70).
-29
Let g(r) = -7*r**2 + 530*r - 6376. Determine g(15).
-1
Let x(y) = -590*y**2 - 41276*y + 1630. Calculate x(-70).
-50
Let z(b) = -105*b**2 - 1060*b + 1068. What is z(1)?
-97
Let a(p) = -p**3 + 19*p**2 - 59*p - 3. What is a(9)?
276
Let j(f) = 81*f**2 + 4546*f - 8819. Determine j(-58).
-3
Let f(s) = s**3 + 14*s**2 - 27*s + 5. Calculate f(-12).
617
Let u(d) = 56*d**2 + 2825*d + 1227. Give u(-50).
-23
Let s(o) = -39*o**2 + 13045*o + 78273. Calculate s(-6).
-1401
Let h(y) = 19*y**3 + 23*y**2 - 67*y + 36. What is h(2)?
146
Let k(u) = -u**3 + 1075*u**2 - 4111*u + 2108432. Determine k(1073).
-13
Let k(n) = 11208*n + 123286. Calculate k(-11).
-2
Let m(u) = -2*u**2 + 166*u + 24178. Calculate m(-76).
10
Let d(k) = -2*k**3 - 205*k**2 - 93*k + 760. Give d(-102).
-158
Let q(w) = 3039*w - 1264167. Calculate q(416).
57
Let q(t) = -130*t**2 - 882*t + 11. Calculate q(-7).
-185
Let s(d) = 434307*d + 6514628. Give s(-15).
23
Let x(p) = 2*p**2 + 4351386*p + 8702766. What is x(-2)?
2
Let t(s) = -s**3 + 31*s**2 - 3837*s - 20089. Give t(-5).
-4
Let y(r) = r**2 + 3906*r - 43135. Give y(11).
-48
Let l(b) = -34*b**2 + 1468*b - 433. Give l(43).
-175
Let m(q) = -q**2 + 99*q - 840. Calculate m(17).
554
Let r(q) = 2*q**2 + 592*q + 12603. Determine r(-23).
45
Let f(i) = -84*i**2 - 7467*i + 40320. What is f(-94)?
-6
Let i(w) = 414*w + 11835. Give i(-28).
243
Let b(r) = 209*r**3 + 11916*r**2 + 173*r + 41. Give b(-57).
-73
Let n(t) = 86*t - 9995. Give n(102).
-1223
Let j(r) = 5*r**2 - 828*r - 2543. Determine j(171).
2074
Let t(w) = -12239*w + 48988. Calculate t(4).
32
Let y(n) = -736*